{"id":2,"date":"2022-02-10T18:25:25","date_gmt":"2022-02-10T18:25:25","guid":{"rendered":"http:\/\/klosterkirche-hirschhorn.de\/?page_id=2"},"modified":"2023-09-13T08:52:34","modified_gmt":"2023-09-13T08:52:34","slug":"sample-page","status":"publish","type":"page","link":"https:\/\/klosterkirche-hirschhorn.de\/?page_id=2","title":{"rendered":"AusKlang-Konzert"},"content":{"rendered":"\n<p class=\"has-small-font-size\">Klosterkirche Hirschhorn \u2013&nbsp;einen sch\u00f6neren Rahmen kann man sich kaum vorstellen: Die ehrw\u00fcrdige Kirche, in der bereits Hirschhorner Ritter and\u00e4chtig sa\u00dfen und vielleicht \u00fcber ihr Leben oder ihren Tag reflektiert haben. <br><br>Nicht nur kunsthistorisch oder spirituell, sondern auch akustisch hat die Kirche viel zu bieten. Ein Konzert ist dort ein besonderes Erlebnis.  Und dieses Erlebnis bietet sich inzwischen Jahr f\u00fcr Jahr insgesamt bis zu 14 mal. N\u00e4mlich<strong> immer mittwochs um 20:44 Uhr<\/strong> und zwar immer von Juni bis Anfang September. Es sind ehrw\u00fcrdige Veranstaltungen, die m\u00f6glich werden, weil K\u00fcnstler zugunsten der Klosterkirche auftreten. Ohne fest vereinbartes Honorar, einfach, weil Ihnen das Ambiente so zusagt. <br>In der Musikrichtung sind wir nicht festgelegt. Grunds\u00e4tzlich beweist sich, dass sich bisher jede Musik in das Ambiente eingef\u00fcgt hat. Geboten wird von der klassischen Musik \u00fcber Folk, Jazz, Musical, Filmmusik alles M\u00f6gliche. Auch f\u00fcr Kinder wird Hochkar\u00e4tiges geboten und die Kleinen sind immer ganz und gar bei der Sache. Kein Wunder, denn das Ber\u00fcckende dieser Kirche in Verbindung mit der Musik ber\u00fchrt alle, Gro\u00df und Klein. <\/p>\n\n\n\n<p class=\"has-small-font-size\">Es ist eine beliebte Tradition, den Abend mit einem Abendsegen zu beschlie\u00dfen. Sofern nicht andere Verpflichtungen Vorrang haben, sprechen die Hausherren, die Karmeliter-M\u00f6nche, den Segen unserer Ausklang-Konzerte. Es ist uns eine Ehre. <\/p>\n\n\n\n<p class=\"has-small-font-size\">Wir wollen die Konzerte m\u00f6glichst allen Besuchern offenhalten. Daher gilt weiterhin: <\/p>\n\n\n\n<p class=\"has-small-font-size\"><strong>Der Eintritt ist frei. <\/strong><br><strong>Spenden sind willkommen!<\/strong><\/p>\n\n\n\n<p class=\"has-small-font-size\">Wir bitten jedoch um Anmeldung an: <strong>klosterkonzerte@gmx.de<\/strong><\/p>\n\n\n\n<p class=\"has-small-font-size\">\u00dcbrigens: Alle Konzerte werden <strong>live gestreamt<\/strong> und k\u00f6nnen <strong>weltweit online verfolgt<\/strong> werden. Wenn Sie auf diese Weise dabei sein m\u00f6chten, gehen Sie online auf <strong>www.ceol.studio<\/strong> und <strong>folgen dann den Hinweisen zum AusKlang-Konzert.<\/strong><\/p>\n\n\n\n<p class=\"has-small-font-size\"><br>Hier ein paar Impressionen: <\/p>\n\n\n\n<figure class=\"wp-block-gallery has-nested-images columns-default is-cropped wp-block-gallery-1 is-layout-flex wp-block-gallery-is-layout-flex\">\n<figure class=\"wp-block-image size-large\"><img loading=\"lazy\" decoding=\"async\" width=\"1024\" height=\"683\" data-id=\"82\" src=\"http:\/\/klosterkirche-hirschhorn.de\/wp-content\/uploads\/2022\/02\/P1370886-1024x683.jpg\" alt=\"\" class=\"wp-image-82\" srcset=\"https:\/\/klosterkirche-hirschhorn.de\/wp-content\/uploads\/2022\/02\/P1370886-1024x683.jpg 1024w, https:\/\/klosterkirche-hirschhorn.de\/wp-content\/uploads\/2022\/02\/P1370886-300x200.jpg 300w, https:\/\/klosterkirche-hirschhorn.de\/wp-content\/uploads\/2022\/02\/P1370886-768x512.jpg 768w, https:\/\/klosterkirche-hirschhorn.de\/wp-content\/uploads\/2022\/02\/P1370886.jpg 1200w\" sizes=\"auto, (max-width: 1024px) 100vw, 1024px\" \/><\/figure>\n<\/figure>\n\n\n\n<figure class=\"wp-block-gallery has-nested-images columns-default is-cropped wp-block-gallery-2 is-layout-flex wp-block-gallery-is-layout-flex\">\n<figure class=\"wp-block-image size-large\"><img loading=\"lazy\" decoding=\"async\" width=\"1024\" height=\"683\" data-id=\"85\" src=\"http:\/\/klosterkirche-hirschhorn.de\/wp-content\/uploads\/2022\/02\/P1370934-1024x683.jpg\" alt=\"\" class=\"wp-image-85\" srcset=\"https:\/\/klosterkirche-hirschhorn.de\/wp-content\/uploads\/2022\/02\/P1370934-1024x683.jpg 1024w, https:\/\/klosterkirche-hirschhorn.de\/wp-content\/uploads\/2022\/02\/P1370934-300x200.jpg 300w, https:\/\/klosterkirche-hirschhorn.de\/wp-content\/uploads\/2022\/02\/P1370934-768x512.jpg 768w, https:\/\/klosterkirche-hirschhorn.de\/wp-content\/uploads\/2022\/02\/P1370934.jpg 1200w\" sizes=\"auto, (max-width: 1024px) 100vw, 1024px\" \/><\/figure>\n<\/figure>\n\n\n\n<figure class=\"wp-block-gallery has-nested-images columns-default is-cropped wp-block-gallery-3 is-layout-flex wp-block-gallery-is-layout-flex\">\n<figure class=\"wp-block-image size-large\"><img loading=\"lazy\" decoding=\"async\" width=\"1024\" height=\"683\" data-id=\"86\" src=\"http:\/\/klosterkirche-hirschhorn.de\/wp-content\/uploads\/2022\/02\/P1380561-1024x683.jpg\" alt=\"\" class=\"wp-image-86\" srcset=\"https:\/\/klosterkirche-hirschhorn.de\/wp-content\/uploads\/2022\/02\/P1380561-1024x683.jpg 1024w, https:\/\/klosterkirche-hirschhorn.de\/wp-content\/uploads\/2022\/02\/P1380561-300x200.jpg 300w, https:\/\/klosterkirche-hirschhorn.de\/wp-content\/uploads\/2022\/02\/P1380561-768x512.jpg 768w, https:\/\/klosterkirche-hirschhorn.de\/wp-content\/uploads\/2022\/02\/P1380561.jpg 1200w\" sizes=\"auto, (max-width: 1024px) 100vw, 1024px\" \/><\/figure>\n\n\n\n<figure class=\"wp-block-image size-large\"><img loading=\"lazy\" decoding=\"async\" width=\"1024\" height=\"684\" data-id=\"96\" src=\"http:\/\/klosterkirche-hirschhorn.de\/wp-content\/uploads\/2022\/02\/P1430202-1024x684.jpg\" alt=\"\" class=\"wp-image-96\" srcset=\"https:\/\/klosterkirche-hirschhorn.de\/wp-content\/uploads\/2022\/02\/P1430202-1024x684.jpg 1024w, https:\/\/klosterkirche-hirschhorn.de\/wp-content\/uploads\/2022\/02\/P1430202-300x200.jpg 300w, https:\/\/klosterkirche-hirschhorn.de\/wp-content\/uploads\/2022\/02\/P1430202-768x513.jpg 768w, https:\/\/klosterkirche-hirschhorn.de\/wp-content\/uploads\/2022\/02\/P1430202.jpg 1200w\" sizes=\"auto, (max-width: 1024px) 100vw, 1024px\" \/><\/figure>\n\n\n\n<figure class=\"wp-block-image size-large\"><img loading=\"lazy\" decoding=\"async\" width=\"1024\" height=\"683\" data-id=\"88\" src=\"http:\/\/klosterkirche-hirschhorn.de\/wp-content\/uploads\/2022\/02\/P1440059-1024x683.jpg\" alt=\"\" class=\"wp-image-88\" srcset=\"https:\/\/klosterkirche-hirschhorn.de\/wp-content\/uploads\/2022\/02\/P1440059-1024x683.jpg 1024w, https:\/\/klosterkirche-hirschhorn.de\/wp-content\/uploads\/2022\/02\/P1440059-300x200.jpg 300w, https:\/\/klosterkirche-hirschhorn.de\/wp-content\/uploads\/2022\/02\/P1440059-768x512.jpg 768w, https:\/\/klosterkirche-hirschhorn.de\/wp-content\/uploads\/2022\/02\/P1440059.jpg 1200w\" sizes=\"auto, (max-width: 1024px) 100vw, 1024px\" \/><\/figure>\n\n\n\n<figure class=\"wp-block-image size-large\"><img loading=\"lazy\" decoding=\"async\" width=\"1024\" height=\"683\" data-id=\"89\" src=\"http:\/\/klosterkirche-hirschhorn.de\/wp-content\/uploads\/2022\/02\/P1470423-1024x683.jpg\" alt=\"\" class=\"wp-image-89\" srcset=\"https:\/\/klosterkirche-hirschhorn.de\/wp-content\/uploads\/2022\/02\/P1470423-1024x683.jpg 1024w, https:\/\/klosterkirche-hirschhorn.de\/wp-content\/uploads\/2022\/02\/P1470423-300x200.jpg 300w, https:\/\/klosterkirche-hirschhorn.de\/wp-content\/uploads\/2022\/02\/P1470423-768x512.jpg 768w, https:\/\/klosterkirche-hirschhorn.de\/wp-content\/uploads\/2022\/02\/P1470423.jpg 1200w\" sizes=\"auto, (max-width: 1024px) 100vw, 1024px\" \/><\/figure>\n\n\n\n<figure class=\"wp-block-image size-large\"><img loading=\"lazy\" decoding=\"async\" width=\"1024\" height=\"683\" data-id=\"90\" src=\"http:\/\/klosterkirche-hirschhorn.de\/wp-content\/uploads\/2022\/02\/P1370613-1-1024x683.jpg\" alt=\"\" class=\"wp-image-90\" srcset=\"https:\/\/klosterkirche-hirschhorn.de\/wp-content\/uploads\/2022\/02\/P1370613-1-1024x683.jpg 1024w, https:\/\/klosterkirche-hirschhorn.de\/wp-content\/uploads\/2022\/02\/P1370613-1-300x200.jpg 300w, https:\/\/klosterkirche-hirschhorn.de\/wp-content\/uploads\/2022\/02\/P1370613-1-768x512.jpg 768w, https:\/\/klosterkirche-hirschhorn.de\/wp-content\/uploads\/2022\/02\/P1370613-1.jpg 1200w\" sizes=\"auto, (max-width: 1024px) 100vw, 1024px\" \/><\/figure>\n\n\n\n<figure class=\"wp-block-image size-large\"><img loading=\"lazy\" decoding=\"async\" width=\"1024\" height=\"683\" data-id=\"91\" src=\"http:\/\/klosterkirche-hirschhorn.de\/wp-content\/uploads\/2022\/02\/P1370922-1024x683.jpg\" alt=\"\" class=\"wp-image-91\" srcset=\"https:\/\/klosterkirche-hirschhorn.de\/wp-content\/uploads\/2022\/02\/P1370922-1024x683.jpg 1024w, https:\/\/klosterkirche-hirschhorn.de\/wp-content\/uploads\/2022\/02\/P1370922-300x200.jpg 300w, https:\/\/klosterkirche-hirschhorn.de\/wp-content\/uploads\/2022\/02\/P1370922-768x512.jpg 768w, https:\/\/klosterkirche-hirschhorn.de\/wp-content\/uploads\/2022\/02\/P1370922.jpg 1200w\" sizes=\"auto, (max-width: 1024px) 100vw, 1024px\" \/><\/figure>\n\n\n\n<figure class=\"wp-block-image size-large\"><img loading=\"lazy\" decoding=\"async\" width=\"1024\" height=\"683\" data-id=\"92\" src=\"http:\/\/klosterkirche-hirschhorn.de\/wp-content\/uploads\/2022\/02\/P1370941-1024x683.jpg\" alt=\"\" class=\"wp-image-92\" srcset=\"https:\/\/klosterkirche-hirschhorn.de\/wp-content\/uploads\/2022\/02\/P1370941-1024x683.jpg 1024w, https:\/\/klosterkirche-hirschhorn.de\/wp-content\/uploads\/2022\/02\/P1370941-300x200.jpg 300w, https:\/\/klosterkirche-hirschhorn.de\/wp-content\/uploads\/2022\/02\/P1370941-768x512.jpg 768w, https:\/\/klosterkirche-hirschhorn.de\/wp-content\/uploads\/2022\/02\/P1370941.jpg 1200w\" sizes=\"auto, (max-width: 1024px) 100vw, 1024px\" \/><\/figure>\n\n\n\n<figure class=\"wp-block-image size-large\"><img loading=\"lazy\" decoding=\"async\" width=\"1024\" height=\"683\" data-id=\"93\" src=\"http:\/\/klosterkirche-hirschhorn.de\/wp-content\/uploads\/2022\/02\/P1380292-1024x683.jpg\" alt=\"\" class=\"wp-image-93\" srcset=\"https:\/\/klosterkirche-hirschhorn.de\/wp-content\/uploads\/2022\/02\/P1380292-1024x683.jpg 1024w, https:\/\/klosterkirche-hirschhorn.de\/wp-content\/uploads\/2022\/02\/P1380292-300x200.jpg 300w, https:\/\/klosterkirche-hirschhorn.de\/wp-content\/uploads\/2022\/02\/P1380292-768x512.jpg 768w, https:\/\/klosterkirche-hirschhorn.de\/wp-content\/uploads\/2022\/02\/P1380292.jpg 1200w\" sizes=\"auto, (max-width: 1024px) 100vw, 1024px\" \/><\/figure>\n\n\n\n<figure class=\"wp-block-image size-large\"><img loading=\"lazy\" decoding=\"async\" width=\"1024\" height=\"683\" data-id=\"95\" src=\"http:\/\/klosterkirche-hirschhorn.de\/wp-content\/uploads\/2022\/02\/P1420650-1-1024x683.jpg\" alt=\"\" class=\"wp-image-95\" srcset=\"https:\/\/klosterkirche-hirschhorn.de\/wp-content\/uploads\/2022\/02\/P1420650-1-1024x683.jpg 1024w, https:\/\/klosterkirche-hirschhorn.de\/wp-content\/uploads\/2022\/02\/P1420650-1-300x200.jpg 300w, https:\/\/klosterkirche-hirschhorn.de\/wp-content\/uploads\/2022\/02\/P1420650-1-768x512.jpg 768w, https:\/\/klosterkirche-hirschhorn.de\/wp-content\/uploads\/2022\/02\/P1420650-1.jpg 1200w\" sizes=\"auto, (max-width: 1024px) 100vw, 1024px\" \/><\/figure>\n<\/figure>\n\n\n\n<figure class=\"wp-block-gallery has-nested-images columns-default is-cropped wp-block-gallery-4 is-layout-flex wp-block-gallery-is-layout-flex\">\n<figure class=\"wp-block-image size-large\"><img loading=\"lazy\" decoding=\"async\" width=\"1024\" height=\"683\" data-id=\"97\" src=\"http:\/\/klosterkirche-hirschhorn.de\/wp-content\/uploads\/2022\/02\/P1440508-1024x683.jpg\" alt=\"\" class=\"wp-image-97\" srcset=\"https:\/\/klosterkirche-hirschhorn.de\/wp-content\/uploads\/2022\/02\/P1440508-1024x683.jpg 1024w, https:\/\/klosterkirche-hirschhorn.de\/wp-content\/uploads\/2022\/02\/P1440508-300x200.jpg 300w, https:\/\/klosterkirche-hirschhorn.de\/wp-content\/uploads\/2022\/02\/P1440508-768x512.jpg 768w, https:\/\/klosterkirche-hirschhorn.de\/wp-content\/uploads\/2022\/02\/P1440508.jpg 1200w\" sizes=\"auto, (max-width: 1024px) 100vw, 1024px\" \/><\/figure>\n\n\n\n<figure class=\"wp-block-image size-large\"><img loading=\"lazy\" decoding=\"async\" width=\"1024\" height=\"683\" data-id=\"98\" src=\"http:\/\/klosterkirche-hirschhorn.de\/wp-content\/uploads\/2022\/02\/P1480195-1024x683.jpg\" alt=\"\" class=\"wp-image-98\" srcset=\"https:\/\/klosterkirche-hirschhorn.de\/wp-content\/uploads\/2022\/02\/P1480195-1024x683.jpg 1024w, https:\/\/klosterkirche-hirschhorn.de\/wp-content\/uploads\/2022\/02\/P1480195-300x200.jpg 300w, https:\/\/klosterkirche-hirschhorn.de\/wp-content\/uploads\/2022\/02\/P1480195-768x512.jpg 768w, https:\/\/klosterkirche-hirschhorn.de\/wp-content\/uploads\/2022\/02\/P1480195.jpg 1200w\" sizes=\"auto, (max-width: 1024px) 100vw, 1024px\" \/><\/figure>\n\n\n\n<figure class=\"wp-block-image size-large\"><img loading=\"lazy\" decoding=\"async\" width=\"1024\" height=\"683\" data-id=\"99\" src=\"http:\/\/klosterkirche-hirschhorn.de\/wp-content\/uploads\/2022\/02\/P1450097-1024x683.jpg\" alt=\"\" class=\"wp-image-99\" srcset=\"https:\/\/klosterkirche-hirschhorn.de\/wp-content\/uploads\/2022\/02\/P1450097-1024x683.jpg 1024w, https:\/\/klosterkirche-hirschhorn.de\/wp-content\/uploads\/2022\/02\/P1450097-300x200.jpg 300w, https:\/\/klosterkirche-hirschhorn.de\/wp-content\/uploads\/2022\/02\/P1450097-768x512.jpg 768w, https:\/\/klosterkirche-hirschhorn.de\/wp-content\/uploads\/2022\/02\/P1450097.jpg 1200w\" sizes=\"auto, (max-width: 1024px) 100vw, 1024px\" \/><\/figure>\n<figcaption class=\"blocks-gallery-caption wp-element-caption\">Querschnitt durch die Ausklang-Konzerte in der Klosterkirche <\/figcaption><\/figure>\n\n\n\n<p><\/p>\n","protected":false},"excerpt":{"rendered":"<p>Klosterkirche Hirschhorn \u2013&nbsp;einen sch\u00f6neren Rahmen kann man sich kaum vorstellen: Die ehrw\u00fcrdige Kirche, in der bereits Hirschhorner Ritter and\u00e4chtig sa\u00dfen und vielleicht \u00fcber ihr Leben oder ihren Tag reflektiert haben. &hellip; <a href=\"https:\/\/klosterkirche-hirschhorn.de\/?page_id=2\" class=\"more-link\"><span class=\"screen-reader-text\">AusKlang-Konzert<\/span> weiterlesen<\/a><\/p>\n","protected":false},"author":1,"featured_media":0,"parent":0,"menu_order":0,"comment_status":"closed","ping_status":"open","template":"","meta":{"_EventAllDay":false,"_EventTimezone":"","_EventStartDate":"","_EventEndDate":"","_EventStartDateUTC":"","_EventEndDateUTC":"","_EventShowMap":false,"_EventShowMapLink":false,"_EventURL":"","_EventCost":"","_EventCostDescription":"","_EventCurrencySymbol":"","_EventCurrencyCode":"","_EventCurrencyPosition":"","_EventDateTimeSeparator":"","_EventTimeRangeSeparator":"","_EventOrganizerID":[],"_EventVenueID":[],"_OrganizerEmail":"","_OrganizerPhone":"","_OrganizerWebsite":"","_VenueAddress":"","_VenueCity":"","_VenueCountry":"","_VenueProvince":"","_VenueState":"","_VenueZip":"","_VenuePhone":"","_VenueURL":"","_VenueStateProvince":"","_VenueLat":"","_VenueLng":"","_VenueShowMap":false,"_VenueShowMapLink":false,"footnotes":""},"class_list":["post-2","page","type-page","status-publish","hentry"],"amp_enabled":true,"_links":{"self":[{"href":"https:\/\/klosterkirche-hirschhorn.de\/index.php?rest_route=\/wp\/v2\/pages\/2","targetHints":{"allow":["GET"]}}],"collection":[{"href":"https:\/\/klosterkirche-hirschhorn.de\/index.php?rest_route=\/wp\/v2\/pages"}],"about":[{"href":"https:\/\/klosterkirche-hirschhorn.de\/index.php?rest_route=\/wp\/v2\/types\/page"}],"author":[{"embeddable":true,"href":"https:\/\/klosterkirche-hirschhorn.de\/index.php?rest_route=\/wp\/v2\/users\/1"}],"replies":[{"embeddable":true,"href":"https:\/\/klosterkirche-hirschhorn.de\/index.php?rest_route=%2Fwp%2Fv2%2Fcomments&post=2"}],"version-history":[{"count":0,"href":"https:\/\/klosterkirche-hirschhorn.de\/index.php?rest_route=\/wp\/v2\/pages\/2\/revisions"}],"wp:attachment":[{"href":"https:\/\/klosterkirche-hirschhorn.de\/index.php?rest_route=%2Fwp%2Fv2%2Fmedia&parent=2"}],"curies":[{"name":"wp","href":"https:\/\/api.w.org\/{rel}","templated":true}]}}